{"id":10542,"date":"2020-06-29T15:06:40","date_gmt":"2020-06-29T13:06:40","guid":{"rendered":"https:\/\/www.angellelui.ch\/new\/?page_id=10542"},"modified":"2021-07-09T09:08:29","modified_gmt":"2021-07-09T07:08:29","slug":"le-photorajeunissement","status":"publish","type":"page","link":"https:\/\/www.angellelui.ch\/new\/le-photorajeunissement\/","title":{"rendered":"Le photorajeunissement"},"content":{"rendered":"<div class=\"wpb-content-wrapper\">[vc_row row_type=\u00a0\u00bbrow\u00a0\u00bb text_align=\u00a0\u00bbleft\u00a0\u00bb css_animation=\u00a0\u00bb\u00a0\u00bb][vc_column][vc_column_text]\n<h1 class=\"eut-element eut-title eut-align-inherit eut-h3\">Qu\u2019est-ce que<span class=\"s1\">\u00a0<\/span><span class=\"s1\">le <\/span><span class=\"s1\">photorajeunissement?<\/span><\/h1>\n<div class=\"eut-empty-space eut-height-1x\">Il agit au niveau de l\u2019\u00e9piderme en \u00ab gommant \u00bb les signes de vieillissement cutan\u00e9 : t\u00e2ches solaires, rougeurs. Cela se traduit par un regain de luminosit\u00e9 et d\u2019\u00e9clat de la peau ainsi qu\u2019une unification du teint.<\/div>\n<div class=\"eut-element eut-text\">\n<p>le photorajeunissement est une technique de soin non-invasive utilisant la lumi\u00e8re forte pour traiter, corriger et am\u00e9liorer la texture de la peau et sa pigmentation (en particulier les t\u00e2ches pigmentaires dites de vieillesse). Elle att\u00e9nue aussi les fines ridules. Les appareils utilis\u00e9s sont des lumi\u00e8res intenses puls\u00e9es (lampe IPL ou lampe flash) et certains lasers non ablatifs.<\/p>\n<p>Il est possible d\u2019avoir des r\u00e9sultats du photorajeunissement (ou photor\u00e9juv\u00e9nation) avec des traitements par lasers abrasifs ou des peelings mais ce sont des traitements plus lourds.<\/p>\n<p>Le photorajeunissement n\u2019implique pas une d\u00e9socialisation, ses complications sont exceptionnelles si elle est bien employ\u00e9e et les effets secondaires mineurs. C\u2019est un traitement de m\u00e9decine esth\u00e9tique facile \u00e0 suivre, m\u00eame en travaillant.<\/p>\n<p>&nbsp;<\/p>\n<\/div>\n<h1>Comment se d\u00e9roule une s\u00e9ance?<\/h1>\n<p>Chaque s\u00e9ance dure entre 15 et 40 minutes.\u00a0Il faut compter <strong>4 \u00e0 6 s\u00e9ances<\/strong>, espac\u00e9es d\u2019environ 1 mois chacune.<\/p>\n<p>J&rsquo;\u00e9tale un gel conducteur sur la surface \u00e0 traiter. J&rsquo;appose ensuite sur la peau une pi\u00e8ce \u00e0 main d\u00e9livrant des impulsions lumineuses. Chaque impulsion procure une sensation de chaleur, parfois de picotements. Gr\u00e2ce a cette technologie je peux changer de filtres pour travailler \u00e9galement la couperose ou l&rsquo;acn\u00e9 et ses cicatrices.<\/p>\n<p>Une cr\u00e8me protectrice est souvent appliqu\u00e9e \u00e0 la fin de la s\u00e9ance.<br \/>\nVous pouvez reprendre vos activit\u00e9s habituelles en sortant du cabinet.<\/p>\n<p>Un l\u00e9ger \u00e9ryth\u00e8me peut appara\u00eetre sur la zone trait\u00e9e apr\u00e8s la s\u00e9ance. Il se dissipe en 1 \u00e0 2 heures. Le photorajeunissement n\u2019entra\u00eene aucune \u00e9viction sociale.<\/p>\n<p>&nbsp;<\/p>\n<h1>Quel est le prix d&rsquo;une s\u00e9ance?<\/h1>\n<p>1 s\u00e9ance de photorajeunissement 150.- pour le visage et le cou<\/p>\n<p>1 s\u00e9ance de photorajeunissement coupl\u00e9 a un traitement des vaisseaux ou des t\u00e2ches pigmentaires ou encore de l&rsquo;acn\u00e9 250.- <a href=\"https:\/\/www.angellelui.ch\/new\/hollywood-peel\/\">Il est conseill\u00e9 de faire un traitement Hollywood Peel avant le photorajeunissement pour en augmenter les effets et ses b\u00e9nefices<\/a>.<\/p>\n<p>&nbsp;<\/p>\n<p><a href=\"https:\/\/www.angellelui.ch\/new\/le-bb-glow-et-micro-needling\/\">Je me r\u00e9jouis de r\u00e9pondre \u00e0 vos questions et de vous faire d\u00e9couvrir ce traitement \u00e0 l&rsquo;institut de beaut\u00e9 Ang&rsquo;Elle &amp; Lui \u00e0 Gland<\/a><\/p>\n[\/vc_column_text][vc_separator type=\u00a0\u00bbtransparent\u00a0\u00bb down=\u00a0\u00bb30&Prime;]<a href=\"https:\/\/salonkee.ch\/salon\/ang-elle-lui?lang=fr\" target=\"_self\" class=\"qbutton \" style=\"\">Prendre un rendez-vous<\/a>[vc_separator type=\u00a0\u00bbtransparent\u00a0\u00bb down=\u00a0\u00bb30&Prime;][\/vc_column][\/vc_row]\n<\/div>","protected":false},"excerpt":{"rendered":"<p>[vc_row row_type=\u00a0\u00bbrow\u00a0\u00bb text_align=\u00a0\u00bbleft\u00a0\u00bb css_animation=\u00a0\u00bb\u00a0\u00bb][vc_column][vc_column_text] Qu\u2019est-ce que\u00a0le photorajeunissement? Il agit au niveau de l\u2019\u00e9piderme en \u00ab gommant \u00bb les signes de vieillissement cutan\u00e9 : t\u00e2ches solaires, rougeurs. Cela se traduit par un regain de luminosit\u00e9 et d\u2019\u00e9clat de la peau ainsi qu\u2019une unification du teint. le&#8230;<\/p>\n","protected":false},"author":1,"featured_media":10548,"parent":0,"menu_order":0,"comment_status":"closed","ping_status":"closed","template":"","meta":{"footnotes":""},"class_list":["post-10542","page","type-page","status-publish","has-post-thumbnail","hentry"],"yoast_head":"<!-- This site is optimized with the Yoast SEO plugin v27.4 - https:\/\/yoast.com\/product\/yoast-seo-wordpress\/ -->\n<title>Le photorajeunissement Intitut de beaut\u00e9 Ang&#039;Elle &amp; Lui \u00e0 Gland<\/title>\n<meta name=\"description\" content=\"le photorajeunissement est une technique de soin non-invasive utilisant la lumi\u00e8re forte pour traiter, corriger et am\u00e9liorer la texture de la peau et sa pigmentation. Rides t\u00e2ches acn\u00e9 couperose peut \u00eatre traiter gr\u00e2ce a differents filtres. photorajeunissement Institut de Beaut\u00e9 \u00e0 Gland\" \/>\n<meta name=\"robots\" content=\"index, follow, max-snippet:-1, max-image-preview:large, max-video-preview:-1\" \/>\n<link rel=\"canonical\" href=\"https:\/\/www.angellelui.ch\/new\/le-photorajeunissement\/\" \/>\n<meta property=\"og:locale\" content=\"fr_FR\" \/>\n<meta property=\"og:type\" content=\"article\" \/>\n<meta property=\"og:title\" content=\"Le photorajeunissement Intitut de beaut\u00e9 Ang&#039;Elle &amp; Lui \u00e0 Gland\" \/>\n<meta property=\"og:description\" content=\"le photorajeunissement est une technique de soin non-invasive utilisant la lumi\u00e8re forte pour traiter, corriger et am\u00e9liorer la texture de la peau et sa pigmentation. Rides t\u00e2ches acn\u00e9 couperose peut \u00eatre traiter gr\u00e2ce a differents filtres. photorajeunissement Institut de Beaut\u00e9 \u00e0 Gland\" \/>\n<meta property=\"og:url\" content=\"https:\/\/www.angellelui.ch\/new\/le-photorajeunissement\/\" \/>\n<meta property=\"og:site_name\" content=\"Ang&#039;elle &amp; lui \u00e0 Gland\" \/>\n<meta property=\"article:publisher\" content=\"https:\/\/www.facebook.com\/AngelleluiVanessa\/\" \/>\n<meta property=\"article:modified_time\" content=\"2021-07-09T07:08:29+00:00\" \/>\n<meta property=\"og:image\" content=\"https:\/\/www.angellelui.ch\/new\/wp-content\/uploads\/2020\/06\/photorajeunissement.jpg\" \/>\n\t<meta property=\"og:image:width\" content=\"540\" \/>\n\t<meta property=\"og:image:height\" content=\"226\" \/>\n\t<meta property=\"og:image:type\" content=\"image\/jpeg\" \/>\n<meta name=\"twitter:label1\" content=\"Dur\u00e9e de lecture estim\u00e9e\" \/>\n\t<meta name=\"twitter:data1\" content=\"2 minutes\" \/>\n<script type=\"application\/ld+json\" class=\"yoast-schema-graph\">{\"@context\":\"https:\\\/\\\/schema.org\",\"@graph\":[{\"@type\":\"WebPage\",\"@id\":\"https:\\\/\\\/www.angellelui.ch\\\/new\\\/le-photorajeunissement\\\/\",\"url\":\"https:\\\/\\\/www.angellelui.ch\\\/new\\\/le-photorajeunissement\\\/\",\"name\":\"Le photorajeunissement Intitut de beaut\u00e9 Ang'Elle & Lui \u00e0 Gland\",\"isPartOf\":{\"@id\":\"https:\\\/\\\/www.angellelui.ch\\\/new\\\/#website\"},\"primaryImageOfPage\":{\"@id\":\"https:\\\/\\\/www.angellelui.ch\\\/new\\\/le-photorajeunissement\\\/#primaryimage\"},\"image\":{\"@id\":\"https:\\\/\\\/www.angellelui.ch\\\/new\\\/le-photorajeunissement\\\/#primaryimage\"},\"thumbnailUrl\":\"https:\\\/\\\/www.angellelui.ch\\\/new\\\/wp-content\\\/uploads\\\/2020\\\/06\\\/photorajeunissement.jpg\",\"datePublished\":\"2020-06-29T13:06:40+00:00\",\"dateModified\":\"2021-07-09T07:08:29+00:00\",\"description\":\"le photorajeunissement est une technique de soin non-invasive utilisant la lumi\u00e8re forte pour traiter, corriger et am\u00e9liorer la texture de la peau et sa pigmentation. Rides t\u00e2ches acn\u00e9 couperose peut \u00eatre traiter gr\u00e2ce a differents filtres. photorajeunissement Institut de Beaut\u00e9 \u00e0 Gland\",\"breadcrumb\":{\"@id\":\"https:\\\/\\\/www.angellelui.ch\\\/new\\\/le-photorajeunissement\\\/#breadcrumb\"},\"inLanguage\":\"fr-FR\",\"potentialAction\":[{\"@type\":\"ReadAction\",\"target\":[\"https:\\\/\\\/www.angellelui.ch\\\/new\\\/le-photorajeunissement\\\/\"]}]},{\"@type\":\"ImageObject\",\"inLanguage\":\"fr-FR\",\"@id\":\"https:\\\/\\\/www.angellelui.ch\\\/new\\\/le-photorajeunissement\\\/#primaryimage\",\"url\":\"https:\\\/\\\/www.angellelui.ch\\\/new\\\/wp-content\\\/uploads\\\/2020\\\/06\\\/photorajeunissement.jpg\",\"contentUrl\":\"https:\\\/\\\/www.angellelui.ch\\\/new\\\/wp-content\\\/uploads\\\/2020\\\/06\\\/photorajeunissement.jpg\",\"width\":540,\"height\":226,\"caption\":\"photorajeunissement institut de beaut\u00e9 Gland\"},{\"@type\":\"BreadcrumbList\",\"@id\":\"https:\\\/\\\/www.angellelui.ch\\\/new\\\/le-photorajeunissement\\\/#breadcrumb\",\"itemListElement\":[{\"@type\":\"ListItem\",\"position\":1,\"name\":\"Accueil\",\"item\":\"https:\\\/\\\/www.angellelui.ch\\\/new\\\/\"},{\"@type\":\"ListItem\",\"position\":2,\"name\":\"Le photorajeunissement\"}]},{\"@type\":\"WebSite\",\"@id\":\"https:\\\/\\\/www.angellelui.ch\\\/new\\\/#website\",\"url\":\"https:\\\/\\\/www.angellelui.ch\\\/new\\\/\",\"name\":\"Ang'elle & lui \u00e0 Gland\",\"description\":\"Institut de beaut\u00e9 pour votre bien-\u00eatre \u00e0 Gland\",\"potentialAction\":[{\"@type\":\"SearchAction\",\"target\":{\"@type\":\"EntryPoint\",\"urlTemplate\":\"https:\\\/\\\/www.angellelui.ch\\\/new\\\/?s={search_term_string}\"},\"query-input\":{\"@type\":\"PropertyValueSpecification\",\"valueRequired\":true,\"valueName\":\"search_term_string\"}}],\"inLanguage\":\"fr-FR\"}]}<\/script>\n<!-- \/ Yoast SEO plugin. -->","yoast_head_json":{"title":"Le photorajeunissement Intitut de beaut\u00e9 Ang'Elle & Lui \u00e0 Gland","description":"le photorajeunissement est une technique de soin non-invasive utilisant la lumi\u00e8re forte pour traiter, corriger et am\u00e9liorer la texture de la peau et sa pigmentation. Rides t\u00e2ches acn\u00e9 couperose peut \u00eatre traiter gr\u00e2ce a differents filtres. photorajeunissement Institut de Beaut\u00e9 \u00e0 Gland","robots":{"index":"index","follow":"follow","max-snippet":"max-snippet:-1","max-image-preview":"max-image-preview:large","max-video-preview":"max-video-preview:-1"},"canonical":"https:\/\/www.angellelui.ch\/new\/le-photorajeunissement\/","og_locale":"fr_FR","og_type":"article","og_title":"Le photorajeunissement Intitut de beaut\u00e9 Ang'Elle & Lui \u00e0 Gland","og_description":"le photorajeunissement est une technique de soin non-invasive utilisant la lumi\u00e8re forte pour traiter, corriger et am\u00e9liorer la texture de la peau et sa pigmentation. Rides t\u00e2ches acn\u00e9 couperose peut \u00eatre traiter gr\u00e2ce a differents filtres. photorajeunissement Institut de Beaut\u00e9 \u00e0 Gland","og_url":"https:\/\/www.angellelui.ch\/new\/le-photorajeunissement\/","og_site_name":"Ang&#039;elle &amp; lui \u00e0 Gland","article_publisher":"https:\/\/www.facebook.com\/AngelleluiVanessa\/","article_modified_time":"2021-07-09T07:08:29+00:00","og_image":[{"width":540,"height":226,"url":"https:\/\/www.angellelui.ch\/new\/wp-content\/uploads\/2020\/06\/photorajeunissement.jpg","type":"image\/jpeg"}],"twitter_misc":{"Dur\u00e9e de lecture estim\u00e9e":"2 minutes"},"schema":{"@context":"https:\/\/schema.org","@graph":[{"@type":"WebPage","@id":"https:\/\/www.angellelui.ch\/new\/le-photorajeunissement\/","url":"https:\/\/www.angellelui.ch\/new\/le-photorajeunissement\/","name":"Le photorajeunissement Intitut de beaut\u00e9 Ang'Elle & Lui \u00e0 Gland","isPartOf":{"@id":"https:\/\/www.angellelui.ch\/new\/#website"},"primaryImageOfPage":{"@id":"https:\/\/www.angellelui.ch\/new\/le-photorajeunissement\/#primaryimage"},"image":{"@id":"https:\/\/www.angellelui.ch\/new\/le-photorajeunissement\/#primaryimage"},"thumbnailUrl":"https:\/\/www.angellelui.ch\/new\/wp-content\/uploads\/2020\/06\/photorajeunissement.jpg","datePublished":"2020-06-29T13:06:40+00:00","dateModified":"2021-07-09T07:08:29+00:00","description":"le photorajeunissement est une technique de soin non-invasive utilisant la lumi\u00e8re forte pour traiter, corriger et am\u00e9liorer la texture de la peau et sa pigmentation. Rides t\u00e2ches acn\u00e9 couperose peut \u00eatre traiter gr\u00e2ce a differents filtres. photorajeunissement Institut de Beaut\u00e9 \u00e0 Gland","breadcrumb":{"@id":"https:\/\/www.angellelui.ch\/new\/le-photorajeunissement\/#breadcrumb"},"inLanguage":"fr-FR","potentialAction":[{"@type":"ReadAction","target":["https:\/\/www.angellelui.ch\/new\/le-photorajeunissement\/"]}]},{"@type":"ImageObject","inLanguage":"fr-FR","@id":"https:\/\/www.angellelui.ch\/new\/le-photorajeunissement\/#primaryimage","url":"https:\/\/www.angellelui.ch\/new\/wp-content\/uploads\/2020\/06\/photorajeunissement.jpg","contentUrl":"https:\/\/www.angellelui.ch\/new\/wp-content\/uploads\/2020\/06\/photorajeunissement.jpg","width":540,"height":226,"caption":"photorajeunissement institut de beaut\u00e9 Gland"},{"@type":"BreadcrumbList","@id":"https:\/\/www.angellelui.ch\/new\/le-photorajeunissement\/#breadcrumb","itemListElement":[{"@type":"ListItem","position":1,"name":"Accueil","item":"https:\/\/www.angellelui.ch\/new\/"},{"@type":"ListItem","position":2,"name":"Le photorajeunissement"}]},{"@type":"WebSite","@id":"https:\/\/www.angellelui.ch\/new\/#website","url":"https:\/\/www.angellelui.ch\/new\/","name":"Ang'elle & lui \u00e0 Gland","description":"Institut de beaut\u00e9 pour votre bien-\u00eatre \u00e0 Gland","potentialAction":[{"@type":"SearchAction","target":{"@type":"EntryPoint","urlTemplate":"https:\/\/www.angellelui.ch\/new\/?s={search_term_string}"},"query-input":{"@type":"PropertyValueSpecification","valueRequired":true,"valueName":"search_term_string"}}],"inLanguage":"fr-FR"}]}},"_links":{"self":[{"href":"https:\/\/www.angellelui.ch\/new\/wp-json\/wp\/v2\/pages\/10542","targetHints":{"allow":["GET"]}}],"collection":[{"href":"https:\/\/www.angellelui.ch\/new\/wp-json\/wp\/v2\/pages"}],"about":[{"href":"https:\/\/www.angellelui.ch\/new\/wp-json\/wp\/v2\/types\/page"}],"author":[{"embeddable":true,"href":"https:\/\/www.angellelui.ch\/new\/wp-json\/wp\/v2\/users\/1"}],"replies":[{"embeddable":true,"href":"https:\/\/www.angellelui.ch\/new\/wp-json\/wp\/v2\/comments?post=10542"}],"version-history":[{"count":7,"href":"https:\/\/www.angellelui.ch\/new\/wp-json\/wp\/v2\/pages\/10542\/revisions"}],"predecessor-version":[{"id":10618,"href":"https:\/\/www.angellelui.ch\/new\/wp-json\/wp\/v2\/pages\/10542\/revisions\/10618"}],"wp:featuredmedia":[{"embeddable":true,"href":"https:\/\/www.angellelui.ch\/new\/wp-json\/wp\/v2\/media\/10548"}],"wp:attachment":[{"href":"https:\/\/www.angellelui.ch\/new\/wp-json\/wp\/v2\/media?parent=10542"}],"curies":[{"name":"wp","href":"https:\/\/api.w.org\/{rel}","templated":true}]}}