{"id":8486,"date":"2014-05-15T11:59:40","date_gmt":"2014-05-15T09:59:40","guid":{"rendered":"http:\/\/www.angellelui.ch\/new\/?page_id=8486"},"modified":"2021-07-09T09:12:06","modified_gmt":"2021-07-09T07:12:06","slug":"les-mains-et-les-pieds","status":"publish","type":"page","link":"https:\/\/www.angellelui.ch\/new\/les-mains-et-les-pieds\/","title":{"rendered":"Les Mains et les Pieds"},"content":{"rendered":"<div class=\"wpb-content-wrapper\">[vc_row row_type=\u00a0\u00bbsection\u00a0\u00bb type=\u00a0\u00bbgrid\u00a0\u00bb anchor=\u00a0\u00bbsois des mains et des pieds\u00a0\u00bb text_align=\u00a0\u00bbleft\u00a0\u00bb video=\u00a0\u00bb\u00a0\u00bb background_color=\u00a0\u00bb#ffffff\u00a0\u00bb padding_top=\u00a0\u00bb80&Prime; padding_bottom=\u00a0\u00bb80&Prime;][vc_column width=\u00a0\u00bb1\/2&Prime;][vc_row_inner row_type=\u00a0\u00bbrow\u00a0\u00bb text_align=\u00a0\u00bbcenter\u00a0\u00bb css_animation=\u00a0\u00bbelement_from_fade\u00a0\u00bb][vc_column_inner][vc_single_image image=\u00a0\u00bb8489&Prime; img_size=\u00a0\u00bbfull\u00a0\u00bb style=\u00a0\u00bbvc_box_shadow_3d\u00a0\u00bb][\/vc_column_inner][\/vc_row_inner][\/vc_column][vc_column width=\u00a0\u00bb1\/2&Prime;][vc_row_inner row_type=\u00a0\u00bbrow\u00a0\u00bb text_align=\u00a0\u00bbleft\u00a0\u00bb css_animation=\u00a0\u00bb\u00a0\u00bb][vc_column_inner][vc_column_text]\n<h2><span style=\"color: #744883;\"><span style=\"caret-color: #744883;\">Les Mains et les Pieds<\/span><\/span><\/h2>\n[\/vc_column_text][vc_separator type=\u00a0\u00bbtransparent\u00a0\u00bb up=\u00a0\u00bb12&Prime; down=\u00a0\u00bb12&Prime;][vc_column_text]\n<p>Ang&rsquo;elle &amp; lui\u00a0s&rsquo;occupe de vos mains et pieds, de la manucure \u00e0 la beaut\u00e9 des pieds en passant par la French manucure ou p\u00e9dicure.\u00a0Nous prendrons\u00a0soin de\u00a0vos\u00a0mains pour les sublimer comme elles le m\u00e9ritent\u00a0!<\/p>\n<p>Vous pouvez \u00a0voir la liste de prix ci-dessous.[\/vc_column_text][vc_separator type=\u00a0\u00bbtransparent\u00a0\u00bb up=\u00a0\u00bb15&Prime; down=\u00a0\u00bb15&Prime;][\/vc_column_inner][\/vc_row_inner][\/vc_column][\/vc_row][vc_row row_type=\u00a0\u00bbsection\u00a0\u00bb type=\u00a0\u00bbgrid\u00a0\u00bb text_align=\u00a0\u00bbleft\u00a0\u00bb video=\u00a0\u00bb\u00a0\u00bb][vc_column][vc_column_text]\n<h2><span style=\"color: #744883;\">Tarifs soins des mains et des pieds<\/span><\/h2>\n[\/vc_column_text][vc_separator type=\u00a0\u00bbtransparent\u00a0\u00bb color=\u00a0\u00bb#e5e5e5&Prime; thickness=\u00a0\u00bb1&Prime; up=\u00a0\u00bb12&Prime; down=\u00a0\u00bb12&Prime;][vc_accordion style=\u00a0\u00bbaccordion\u00a0\u00bb][vc_accordion_tab title=\u00a0\u00bbCliquez ici pour ouvrir la liste des tarifs\u00a0\u00bb icon=\u00a0\u00bb\u00a0\u00bb][vc_column_text]\n<ul class=\"list_dots bordered\">\n<li>Manucure avec vernis simple CHF 49.-<\/li>\n<li>Manucure avec French\u00a0CHF 60.-<\/li>\n<li>Beaut\u00e9 des pieds sans vernis CHF 60.-<\/li>\n<li>Beaut\u00e9 des pieds avec vernis simple CHF 75.-<\/li>\n<\/ul>\n[\/vc_column_text][\/vc_accordion_tab][\/vc_accordion][\/vc_column][\/vc_row][vc_row row_type=\u00a0\u00bbsection\u00a0\u00bb type=\u00a0\u00bbgrid\u00a0\u00bb text_align=\u00a0\u00bbleft\u00a0\u00bb video=\u00a0\u00bb\u00a0\u00bb background_color=\u00a0\u00bb#ffffff\u00a0\u00bb padding_top=\u00a0\u00bb80&Prime; padding_bottom=\u00a0\u00bb80&Prime;][vc_column width=\u00a0\u00bb1\/2&Prime;][vc_row_inner row_type=\u00a0\u00bbrow\u00a0\u00bb text_align=\u00a0\u00bbleft\u00a0\u00bb css_animation=\u00a0\u00bb\u00a0\u00bb][vc_column_inner][vc_column_text]\n<h2><span style=\"color: #744883;\">Faites-vous une beaut\u00e9 des pieds !<\/span><\/h2>\n[\/vc_column_text][vc_separator type=\u00a0\u00bbtransparent\u00a0\u00bb up=\u00a0\u00bb12&Prime; down=\u00a0\u00bb12&Prime;][vc_column_text]\n<p style=\"color: #303030;\">On oublie souvent de dorloter\u00a0nos petits petons qui, pourtant, en ont souvent grand\u00a0besoin. Vous avez la possibilit\u00e9 de faire une French sur vos pieds \u00e9galement ou une simple beaut\u00e9 des pieds, \u00a0Ang&rsquo;elle &amp; lui vous conseille pour vous satisfaire.<\/p>\n<p style=\"color: #303030;\"><strong>Alors venez vous faire une beaut\u00e9 des pieds.<\/strong><\/p>\n[\/vc_column_text][vc_separator type=\u00a0\u00bbtransparent\u00a0\u00bb up=\u00a0\u00bb15&Prime; down=\u00a0\u00bb15&Prime;][\/vc_column_inner][\/vc_row_inner][\/vc_column][vc_column width=\u00a0\u00bb1\/2&Prime;][vc_row_inner row_type=\u00a0\u00bbrow\u00a0\u00bb text_align=\u00a0\u00bbcenter\u00a0\u00bb css_animation=\u00a0\u00bbelement_from_fade\u00a0\u00bb][vc_column_inner][vc_single_image image=\u00a0\u00bb8496&Prime; img_size=\u00a0\u00bbfull\u00a0\u00bb alignment=\u00a0\u00bbright\u00a0\u00bb style=\u00a0\u00bbvc_box_shadow_3d\u00a0\u00bb][\/vc_column_inner][\/vc_row_inner][\/vc_column][\/vc_row][vc_row row_type=\u00a0\u00bbsection\u00a0\u00bb type=\u00a0\u00bbgrid\u00a0\u00bb text_align=\u00a0\u00bbleft\u00a0\u00bb video=\u00a0\u00bb\u00a0\u00bb][vc_column][vc_column_text]\n<p style=\"text-align: justify;\"><strong><span style=\"color: #744883;\">N&rsquo;h\u00e9sitez pas \u00e0 prendre contact avec nous au 022 364 49 45 ou par e-mail: vanessa@angellelui.ch nous nous<\/span><\/strong><strong><span style=\"color: #744883;\">\u00a0ferons\u00a0un plaisir de r\u00e9pondre \u00e0 vos questions.\u00a0<\/span><\/strong><\/p>\n<p>&nbsp;<\/p>\n<p style=\"text-align: justify;\"><strong>Merci beaucoup !<\/strong><\/p>\n[\/vc_column_text][vc_separator type=\u00a0\u00bbtransparent\u00a0\u00bb down=\u00a0\u00bb30&Prime;]<a href=\"https:\/\/salonkee.ch\/salon\/ang-elle-lui?lang=fr\" target=\"_self\" class=\"qbutton \" style=\"\">Prendre un rendez-vous<\/a>[vc_separator type=\u00a0\u00bbtransparent\u00a0\u00bb down=\u00a0\u00bb30&Prime;][\/vc_column][\/vc_row]\n<\/div>","protected":false},"excerpt":{"rendered":"<p>[vc_row row_type=\u00a0\u00bbsection\u00a0\u00bb type=\u00a0\u00bbgrid\u00a0\u00bb anchor=\u00a0\u00bbsois des mains et des pieds\u00a0\u00bb text_align=\u00a0\u00bbleft\u00a0\u00bb video=\u00a0\u00bb\u00a0\u00bb background_color=\u00a0\u00bb#ffffff\u00a0\u00bb padding_top=\u00a0\u00bb80&Prime; padding_bottom=\u00a0\u00bb80&Prime;][vc_column width=\u00a0\u00bb1\/2&Prime;][vc_row_inner row_type=\u00a0\u00bbrow\u00a0\u00bb text_align=\u00a0\u00bbcenter\u00a0\u00bb css_animation=\u00a0\u00bbelement_from_fade\u00a0\u00bb][vc_column_inner][vc_single_image image=\u00a0\u00bb8489&Prime; img_size=\u00a0\u00bbfull\u00a0\u00bb style=\u00a0\u00bbvc_box_shadow_3d\u00a0\u00bb][\/vc_column_inner][\/vc_row_inner][\/vc_column][vc_column width=\u00a0\u00bb1\/2&Prime;][vc_row_inner row_type=\u00a0\u00bbrow\u00a0\u00bb text_align=\u00a0\u00bbleft\u00a0\u00bb css_animation=\u00a0\u00bb\u00a0\u00bb][vc_column_inner][vc_column_text] Les Mains et les Pieds [\/vc_column_text][vc_separator type=\u00a0\u00bbtransparent\u00a0\u00bb up=\u00a0\u00bb12&Prime; down=\u00a0\u00bb12&Prime;][vc_column_text] Ang&rsquo;elle &amp; lui\u00a0s&rsquo;occupe de vos mains et pieds, de la manucure&#8230;<\/p>\n","protected":false},"author":1,"featured_media":0,"parent":0,"menu_order":0,"comment_status":"closed","ping_status":"closed","template":"full_width.php","meta":{"footnotes":""},"class_list":["post-8486","page","type-page","status-publish","hentry"],"yoast_head":"<!-- This site is optimized with the Yoast SEO plugin v26.9 - https:\/\/yoast.com\/product\/yoast-seo-wordpress\/ -->\n<title>Les mains et les pieds<\/title>\n<meta name=\"description\" content=\"soins des mains et des pieds \u00e0 Gland, french manucure institut de beaut\u00e9 \u00e0 Gland. Beaut\u00e9 des pieds, gommage pieds et mains.\" \/>\n<meta name=\"robots\" content=\"index, follow, max-snippet:-1, max-image-preview:large, max-video-preview:-1\" \/>\n<link rel=\"canonical\" href=\"https:\/\/www.angellelui.ch\/new\/les-mains-et-les-pieds\/\" \/>\n<meta property=\"og:locale\" content=\"fr_FR\" \/>\n<meta property=\"og:type\" content=\"article\" \/>\n<meta property=\"og:title\" content=\"Les mains et les pieds\" \/>\n<meta property=\"og:description\" content=\"soins des mains et des pieds \u00e0 Gland, french manucure institut de beaut\u00e9 \u00e0 Gland. Beaut\u00e9 des pieds, gommage pieds et mains.\" \/>\n<meta property=\"og:url\" content=\"https:\/\/www.angellelui.ch\/new\/les-mains-et-les-pieds\/\" \/>\n<meta property=\"og:site_name\" content=\"Ang&#039;elle &amp; lui \u00e0 Gland\" \/>\n<meta property=\"article:publisher\" content=\"https:\/\/www.facebook.com\/AngelleluiVanessa\/\" \/>\n<meta property=\"article:modified_time\" content=\"2021-07-09T07:12:06+00:00\" \/>\n<meta name=\"twitter:label1\" content=\"Dur\u00e9e de lecture estim\u00e9e\" \/>\n\t<meta name=\"twitter:data1\" content=\"3 minutes\" \/>\n<script type=\"application\/ld+json\" class=\"yoast-schema-graph\">{\"@context\":\"https:\/\/schema.org\",\"@graph\":[{\"@type\":\"WebPage\",\"@id\":\"https:\/\/www.angellelui.ch\/new\/les-mains-et-les-pieds\/\",\"url\":\"https:\/\/www.angellelui.ch\/new\/les-mains-et-les-pieds\/\",\"name\":\"Les mains et les pieds\",\"isPartOf\":{\"@id\":\"https:\/\/www.angellelui.ch\/new\/#website\"},\"datePublished\":\"2014-05-15T09:59:40+00:00\",\"dateModified\":\"2021-07-09T07:12:06+00:00\",\"description\":\"soins des mains et des pieds \u00e0 Gland, french manucure institut de beaut\u00e9 \u00e0 Gland. Beaut\u00e9 des pieds, gommage pieds et mains.\",\"breadcrumb\":{\"@id\":\"https:\/\/www.angellelui.ch\/new\/les-mains-et-les-pieds\/#breadcrumb\"},\"inLanguage\":\"fr-FR\",\"potentialAction\":[{\"@type\":\"ReadAction\",\"target\":[\"https:\/\/www.angellelui.ch\/new\/les-mains-et-les-pieds\/\"]}]},{\"@type\":\"BreadcrumbList\",\"@id\":\"https:\/\/www.angellelui.ch\/new\/les-mains-et-les-pieds\/#breadcrumb\",\"itemListElement\":[{\"@type\":\"ListItem\",\"position\":1,\"name\":\"Accueil\",\"item\":\"https:\/\/www.angellelui.ch\/new\/\"},{\"@type\":\"ListItem\",\"position\":2,\"name\":\"Les Mains et les Pieds\"}]},{\"@type\":\"WebSite\",\"@id\":\"https:\/\/www.angellelui.ch\/new\/#website\",\"url\":\"https:\/\/www.angellelui.ch\/new\/\",\"name\":\"Ang'elle & lui \u00e0 Gland\",\"description\":\"Institut de beaut\u00e9 pour votre bien-\u00eatre \u00e0 Gland\",\"potentialAction\":[{\"@type\":\"SearchAction\",\"target\":{\"@type\":\"EntryPoint\",\"urlTemplate\":\"https:\/\/www.angellelui.ch\/new\/?s={search_term_string}\"},\"query-input\":{\"@type\":\"PropertyValueSpecification\",\"valueRequired\":true,\"valueName\":\"search_term_string\"}}],\"inLanguage\":\"fr-FR\"}]}<\/script>\n<!-- \/ Yoast SEO plugin. -->","yoast_head_json":{"title":"Les mains et les pieds","description":"soins des mains et des pieds \u00e0 Gland, french manucure institut de beaut\u00e9 \u00e0 Gland. Beaut\u00e9 des pieds, gommage pieds et mains.","robots":{"index":"index","follow":"follow","max-snippet":"max-snippet:-1","max-image-preview":"max-image-preview:large","max-video-preview":"max-video-preview:-1"},"canonical":"https:\/\/www.angellelui.ch\/new\/les-mains-et-les-pieds\/","og_locale":"fr_FR","og_type":"article","og_title":"Les mains et les pieds","og_description":"soins des mains et des pieds \u00e0 Gland, french manucure institut de beaut\u00e9 \u00e0 Gland. Beaut\u00e9 des pieds, gommage pieds et mains.","og_url":"https:\/\/www.angellelui.ch\/new\/les-mains-et-les-pieds\/","og_site_name":"Ang&#039;elle &amp; lui \u00e0 Gland","article_publisher":"https:\/\/www.facebook.com\/AngelleluiVanessa\/","article_modified_time":"2021-07-09T07:12:06+00:00","twitter_misc":{"Dur\u00e9e de lecture estim\u00e9e":"3 minutes"},"schema":{"@context":"https:\/\/schema.org","@graph":[{"@type":"WebPage","@id":"https:\/\/www.angellelui.ch\/new\/les-mains-et-les-pieds\/","url":"https:\/\/www.angellelui.ch\/new\/les-mains-et-les-pieds\/","name":"Les mains et les pieds","isPartOf":{"@id":"https:\/\/www.angellelui.ch\/new\/#website"},"datePublished":"2014-05-15T09:59:40+00:00","dateModified":"2021-07-09T07:12:06+00:00","description":"soins des mains et des pieds \u00e0 Gland, french manucure institut de beaut\u00e9 \u00e0 Gland. Beaut\u00e9 des pieds, gommage pieds et mains.","breadcrumb":{"@id":"https:\/\/www.angellelui.ch\/new\/les-mains-et-les-pieds\/#breadcrumb"},"inLanguage":"fr-FR","potentialAction":[{"@type":"ReadAction","target":["https:\/\/www.angellelui.ch\/new\/les-mains-et-les-pieds\/"]}]},{"@type":"BreadcrumbList","@id":"https:\/\/www.angellelui.ch\/new\/les-mains-et-les-pieds\/#breadcrumb","itemListElement":[{"@type":"ListItem","position":1,"name":"Accueil","item":"https:\/\/www.angellelui.ch\/new\/"},{"@type":"ListItem","position":2,"name":"Les Mains et les Pieds"}]},{"@type":"WebSite","@id":"https:\/\/www.angellelui.ch\/new\/#website","url":"https:\/\/www.angellelui.ch\/new\/","name":"Ang'elle & lui \u00e0 Gland","description":"Institut de beaut\u00e9 pour votre bien-\u00eatre \u00e0 Gland","potentialAction":[{"@type":"SearchAction","target":{"@type":"EntryPoint","urlTemplate":"https:\/\/www.angellelui.ch\/new\/?s={search_term_string}"},"query-input":{"@type":"PropertyValueSpecification","valueRequired":true,"valueName":"search_term_string"}}],"inLanguage":"fr-FR"}]}},"_links":{"self":[{"href":"https:\/\/www.angellelui.ch\/new\/wp-json\/wp\/v2\/pages\/8486","targetHints":{"allow":["GET"]}}],"collection":[{"href":"https:\/\/www.angellelui.ch\/new\/wp-json\/wp\/v2\/pages"}],"about":[{"href":"https:\/\/www.angellelui.ch\/new\/wp-json\/wp\/v2\/types\/page"}],"author":[{"embeddable":true,"href":"https:\/\/www.angellelui.ch\/new\/wp-json\/wp\/v2\/users\/1"}],"replies":[{"embeddable":true,"href":"https:\/\/www.angellelui.ch\/new\/wp-json\/wp\/v2\/comments?post=8486"}],"version-history":[{"count":20,"href":"https:\/\/www.angellelui.ch\/new\/wp-json\/wp\/v2\/pages\/8486\/revisions"}],"predecessor-version":[{"id":10621,"href":"https:\/\/www.angellelui.ch\/new\/wp-json\/wp\/v2\/pages\/8486\/revisions\/10621"}],"wp:attachment":[{"href":"https:\/\/www.angellelui.ch\/new\/wp-json\/wp\/v2\/media?parent=8486"}],"curies":[{"name":"wp","href":"https:\/\/api.w.org\/{rel}","templated":true}]}}